ousands digit of 94919962?
1
What is the ten thousands digit of 52630067?
3
What is the ten millions digit of 1378387226?
7
What is the millions digit of 36627787?
6
What is the millions digit of 71530589?
1
What is the tens digit of 131436473?
7
What is the hundreds digit of 130375656?
6
What is the millions digit of 2148972653?
8
What is the tens digit of 48359162?
6
What is the ten thousands digit of 605820879?
2
What is the tens digit of 3920524?
2
What is the tens digit of 46694709?
0
What is the tens digit of 6549487?
8
What is the ten thousands digit of 738948639?
4
What is the tens digit of 3831264?
6
What is the ten millions digit of 22442236?
2
What is the hundred thousands digit of 109334121?
3
What is the hundreds digit of 1909386326?
3
What is the tens digit of 2444594421?
2
What is the hundreds digit of 202352652?
6
What is the ten millions digit of 75036614?
7
What is the units digit of 2142497074?
4
What is the hundred thousands digit of 274026731?
0
What is the hundred millions digit of 4996303264?
9
What is the hundreds digit of 451335151?
1
What is the units digit of 771591249?
9
What is the millions digit of 309157631?
9
What is the ten millions digit of 889910463?
8
What is the tens digit of 952937597?
9
What is the units digit of 1583662751?
1
What is the thousands digit of 873321082?
1
What is the tens digit of 2310886621?
2
What is the ten millions digit of 2905534092?
0
What is the thousands digit of 501541802?
1
What is the units digit of 296937132?
2
What is the hundreds digit of 260903618?
6
What is the tens digit of 1122375573?
7
What is the thousands digit of 216818786?
8
What is the hundred millions digit of 2129648928?
1
What is the millions digit of 37746039?
7
What is the hundred thousands digit of 2170707530?
7
What is the hundred thousands digit of 1215473?
2
What is the hundred thousands digit of 1008457476?
4
What is the units digit of 3553956660?
0
What is the ten millions digit of 47824625?
4
What is the ten millions digit of 23046937?
2
What is the ten millions digit of 23319991?
2
What is the hundred millions digit of 3411543532?
4
What is the ten thousands digit of 131731220?
3
What is the ten thousands digit of 152642955?
4
What is the millions digit of 85784053?
5
What is the hundreds digit of 537190663?
6
What is the billions digit of 1666362129?
1
What is the billions digit of 5487289054?
5
What is the hundred thousands digit of 118249421?
2
What is the tens digit of 1408675075?
7
What is the hundred thousands digit of 694366611?
3
What is the tens digit of 325368601?
0
What is the thousands digit of 345993?
5
What is the ten millions digit of 3583601379?
8
What is the thousands digit of 1321707?
1
What is the tens digit of 4223083939?
3
What is the millions digit of 4263463840?
3
What is the thousands digit of 103954570?
4
What is the units digit of 2346676862?
2
What is the hundred thousands digit of 3919581536?
5
What is the hundreds digit of 5593005764?
7
What is the ten thousands digit of 144826098?
2
What is the ten millions digit of 271973699?
7
What is the tens digit of 1854356127?
2
What is the units digit of 3074327154?
4
What is the hundred millions digit of 1044261618?
0
What is the ten millions digit of 5471818333?
7
What is the hundred thousands digit of 2317920942?
9
What is the hundred thousands digit of 76254192?
2
What is the millions digit of 560786914?
0
What is the thousands digit of 955017002?
7
What is the millions digit of 64841795?
4
What is the tens digit of 146229829?
2
What is the units digit of 62572576?
6
What is the units digit of 760055500?
0
What is the ten thousands digit of 4123352242?
5
What is the thousands digit of 27697094?
7
What is the ten millions digit of 300522929?
0
What is the thousands digit of 6276081?
6
What is the units digit of 11735605?
5
What is the ten thousands digit of 4407868045?
6
What is the millions digit of 46323387?
6
What is the millions digit of 136853922?
6
What is the hundred millions digit of 874629252?
8
What is the ten millions digit of 128856187?
2
What is the hundreds digit of 24568130?
1
What is the tens digit of 189171688?
8
What is the hundred thousands digit of 6161432290?
4
What is the ten thousands digit of 272002892?
0
What is the hundred thousands digit of 584617940?
6
What is the hundred millions digit of 266466886?
2
What is the units digit of 423973541?
1
What is the millions digit of 709906529?
9
What is the hundreds digit of 608704990?
9
What is the ten millions digit of 1676993716?
7
What is the units digit of 1053549650?
0
What is the hundreds digit of 14257636?
6
What is the thousands digit of 2594385972?
5
What is the thousands digit of 155396528?
6
What is the units digit of 1159035438?
8
What is the ten millions digit of 639778310?
3
What is the thousands digit of 3088280421?
0
What is the hundred thousands digit of 4834716355?
7
What is the millions digit of 508628116?
8
What is the units digit of 205427?
7
What is the thousands digit of 156334654?
4
What is the millions digit of 337668149?
7
What is the tens digit of 377208760?
6
What is the hundreds digit of 11404240?
2
What is the thousands digit of 802907472?
7
What is the units digit of 2862300369?
9
What is the millions digit of 1508615908?
8
What is the millions digit of 428199066?
8
What is the ten thousands digit of 40672654?
7
What is the tens digit of 77447265?
6
What is the millions digit of 917211742?
7
What is the ten millions digit of 362960094?
6
What is the hundred millions digit of 1202371031?
2
What is the ten millions digit of 77094108?
7
What is the ten millions digit of 29534074?
2
What is the tens digit of 2145484195?
9
What is the thousands digit of 599334387?
4
What is the billions digit of 3761628396?
3
What is the tens digit of 8106948894?
9
What is the tens digit of 5443833?
3
What is the hundred thousands digit of 127069091?
0
What is the thousands digit of 22866603?
6
What is the hundreds digit of 11609830?
8
What is the thousands digit of 508589885?
9
What is the units digit of 31908179?
9
What is the hundred millions digit of 472191244?
4
What is the hundreds digit of 37352089?
0
What is the ten thousands digit of 382592336?
9
What is the hundreds digit of 6451972354?
3
What is the ten millions digit of 163268031?
6
What is the ten thousands digit of 3070562916?
6
What is the hundred millions digit of 424620278?
4
What is the ten millions digit of 83295601?
8
What is the thousands digit of 44741215?
1
What is the hundreds digit of 728257348?
3
What is the millions digit of 3751567?
3
What is the ten thousands digit of 123947888?
4
What is the thousands digit of 437564701?
4
What is the millions digit of 3442052960?
2
What is the millions digit of 946611546?
6
What is the ten millions digit of 691121339?
9
What is the thousands digit of 6200561684?
1
What is the ten millions digit of 99463569?
9
What is the millions digit of 76515042?
6
What is the hundreds digit of 6216870170?
1
What is the hundred thousands digit of 328227441?
2
What is the tens digit of 98469010?
1
What is the units digit of 1049111052?
2
What is the ten thousands digit of 238038505?
3
What is the tens digit of 22669195?
9
What is the hundred thousands digit of 88984021?
9
What is the hundred thousands digit of 42282631?
2
What is the tens digit of 1190687259?
5
What is the hundreds digit of 3849804629?
6
What is the thousands digit of 14151484?
1
What is the hundreds digit of 26470295?
2
What is the ten thousands digit of 39857900?
5
What is the thousands digit of 243289259?
9
What is the tens digit of 49237238?
3
What is the ten millions digit of 88721336?
8
What is the ten millions digit of 135283578?
3
What is the units digit of 6099258732?
2
What is the millions digit of 4142139106?
2
What is the units digit of 7068403?
3
What is the ten millions digit of 3484336581?
8
What is the ten millions digit of 207789074?
0
What is the thousands digit of 695476446?
6
What is the ten millions digit of 18791604?
1
What is the ten millions digit of 569710082?
6
What is the ten thousands digit of 205201973?
0
What is the thousands digit of 50385319?
5
What is the ten thousands digit of 2313358941?
5
What is the hundred thousands digit of 89028557?
0
What is the